{"id":51931,"date":"2023-06-22T17:33:04","date_gmt":"2023-06-22T23:33:04","guid":{"rendered":"https:\/\/cpelegal.com\/?page_id=51931"},"modified":"2024-02-16T11:22:57","modified_gmt":"2024-02-16T17:22:57","slug":"contacto","status":"publish","type":"page","link":"https:\/\/cpelegal.com\/index.php\/contacto\/","title":{"rendered":"Contacto"},"content":{"rendered":"\t\t<div data-elementor-type=\"wp-page\" data-elementor-id=\"51931\" class=\"elementor elementor-51931\" data-elementor-post-type=\"page\">\n\t\t\t\t\t\t\t\t\t<section class=\"elementor-section elementor-top-section elementor-element elementor-element-04c9203 elementor-section-content-middle elementor-section-stretched elementor-section-boxed elementor-section-height-default elementor-section-height-default tm-col-stretched-none tm-bg-color-over-image\" data-id=\"04c9203\" data-element_type=\"section\" data-settings=\"{&quot;stretch_section&quot;:&quot;section-stretched&quot;}\">\n\t\t\t\t\t\t<div class=\"elementor-container elementor-column-gap-extended\">\n\t\t\t\t\t<div class=\"elementor-column elementor-col-100 elementor-top-column elementor-element elementor-element-2bda7e2 tm-bg-color-over-image\" data-id=\"2bda7e2\" data-element_type=\"column\">\n\t\t\t<div class=\"elementor-widget-wrap elementor-element-populated\">\n\t\t\t\t\t\t\t\t<div class=\"elementor-element elementor-element-1bba501 horizontal-line-align-left vertical-line-align-bottom elementor-widget elementor-widget-tm-ele-section-title\" data-id=\"1bba501\" data-element_type=\"widget\" data-widget_type=\"tm-ele-section-title.default\">\n\t\t\t\t<div class=\"elementor-widget-container\">\n\t\t\t<div class=\"tm-sc-section-title section-title \">\r\n\t<div class=\"title-wrapper\">\r\n\t\t\t\t\t\t<p class=\"subtitle \">\r\n\r\n\t\t\r\n\t\tSomos su aliado estrat\u00e9gico\t<\/p>\r\n\t\t\t\t<h2 class=\"title \">\r\n\r\n\t\t\r\n\t\t\t\t<span class=\"title-part1 \">Estamos aqu\u00ed para escuchar. Estamos aqu\u00ed para ayudar<\/span>\r\n\t\t\t\t\r\n\t\t\r\n\t<\/h2>\r\n\t<div class=\"title-seperator-line\"><\/div>\t\t\t\t\t\t<div class=\"paragraph\">\r\n\t\t<p><span>En CPE Legal, valoramos las conversaciones y creemos que cada consulta merece una respuesta detallada. Nuestro equipo est\u00e1 listo para escuchar su situaci\u00f3n, proporcionar asesoramiento legal y ayudarlo a navegar por sus opciones. Inicie la conversaci\u00f3n hoy mismo.<\/span><\/p>\t<\/div>\r\n\t\t<\/div>\r\n<\/div>\t\t<\/div>\n\t\t\t\t<\/div>\n\t\t\t\t<section class=\"elementor-section elementor-inner-section elementor-element elementor-element-e5f159a elementor-section-boxed elementor-section-height-default elementor-section-height-default tm-col-stretched-none tm-bg-color-over-image\" data-id=\"e5f159a\" data-element_type=\"section\">\n\t\t\t\t\t\t<div class=\"elementor-container elementor-column-gap-no\">\n\t\t\t\t\t<div class=\"elementor-column elementor-col-100 elementor-inner-column elementor-element elementor-element-482c396 tm-bg-color-over-image\" data-id=\"482c396\" data-element_type=\"column\">\n\t\t\t<div class=\"elementor-widget-wrap elementor-element-populated\">\n\t\t\t\t\t\t\t\t<div class=\"elementor-element elementor-element-7d48dfa elementor-widget elementor-widget-tm-ele-text-editor-advanced\" data-id=\"7d48dfa\" data-element_type=\"widget\" data-widget_type=\"tm-ele-text-editor-advanced.default\">\n\t\t\t\t<div class=\"elementor-widget-container\">\n\t\t\t\t\t<div class=\"tm-text-editor-advanced\">\r\n\t\t\t\t\t<div class=\"each-item elementor-repeater-item-01ec8bd\">\r\n\t\t\t\t<h5><span class=\"fas fa-caret-right text-theme-colored1 me-2\"><\/span><span>H\u00e1ganos Parte de Su Equipo<\/span><\/h5>\t\t\t\t<\/div>\r\n\t\t\t\t\t\t\t\t<div class=\"each-item elementor-repeater-item-82495a4\">\r\n\t\t\t\t<p><span>En CPE Legal estamos comprometidos con tu \u00e9xito. Nuestro equipo de expertos legales est\u00e1 siempre disponible para ayudarte con tus necesidades jur\u00eddicas. No importa si se trata de un asunto constitucional, administrativo o una gesti\u00f3n empresarial, estamos listos para ayudarte a navegar por el mundo del derecho de manera efectiva y eficiente.<\/span><\/p>\t\t\t\t<\/div>\r\n\t\t\t\t\t\t<\/div>\r\n\t\t\t<\/div>\n\t\t\t\t<\/div>\n\t\t\t\t<div class=\"elementor-element elementor-element-b8af2ba elementor-widget elementor-widget-tm-ele-text-editor-advanced\" data-id=\"b8af2ba\" data-element_type=\"widget\" data-widget_type=\"tm-ele-text-editor-advanced.default\">\n\t\t\t\t<div class=\"elementor-widget-container\">\n\t\t\t\t\t<div class=\"tm-text-editor-advanced\">\r\n\t\t\t\t\t<div class=\"each-item elementor-repeater-item-01ec8bd\">\r\n\t\t\t\t<h5><span class=\"fas fa-caret-right text-theme-colored1 me-2\"><\/span><span>Puede escribirnos a:<\/span><\/h5>\t\t\t\t<\/div>\r\n\t\t\t\t\t\t\t\t<div class=\"each-item elementor-repeater-item-82495a4\">\r\n\t\t\t\t<p><a href=\"mailto:bernal.rodriguez@cpelegal.com\"><span style=\"font-weight: 400;\">bernal.rodriguez@cpelegal.com<\/span><\/a><a href=\"mailto:andrey.mora@cpelegal.com\"><span style=\"font-weight: 400;\"><\/span><\/a><\/p><p><a href=\"mailto:andrey.mora@cpelegal.com\"><span style=\"font-weight: 400;\">andres.sancho@cpelegal.com<\/span><\/a><\/p>\t\t\t\t<\/div>\r\n\t\t\t\t\t\t<\/div>\r\n\t\t\t<\/div>\n\t\t\t\t<\/div>\n\t\t\t\t\t<\/div>\n\t\t<\/div>\n\t\t\t\t\t\t\t<\/div>\n\t\t<\/section>\n\t\t\t\t<section class=\"elementor-section elementor-inner-section elementor-element elementor-element-fa63c3f elementor-section-boxed elementor-section-height-default elementor-section-height-default tm-col-stretched-none tm-bg-color-over-image\" data-id=\"fa63c3f\" data-element_type=\"section\">\n\t\t\t\t\t\t<div class=\"elementor-container elementor-column-gap-no\">\n\t\t\t\t\t<div class=\"elementor-column elementor-col-100 elementor-inner-column elementor-element elementor-element-93d8eb0 tm-bg-color-over-image\" data-id=\"93d8eb0\" data-element_type=\"column\">\n\t\t\t<div class=\"elementor-widget-wrap elementor-element-populated\">\n\t\t\t\t\t\t\t\t<div class=\"elementor-element elementor-element-1fdc295 elementor-widget elementor-widget-tm-ele-text-editor-advanced\" data-id=\"1fdc295\" data-element_type=\"widget\" data-widget_type=\"tm-ele-text-editor-advanced.default\">\n\t\t\t\t<div class=\"elementor-widget-container\">\n\t\t\t\t\t<div class=\"tm-text-editor-advanced\">\r\n\t\t\t\t\t<div class=\"each-item elementor-repeater-item-01ec8bd\">\r\n\t\t\t\t<h5><span class=\"fas fa-caret-right text-theme-colored1 me-2\"><\/span><span>Puede llamarnos a:<\/span><\/h5>\t\t\t\t<\/div>\r\n\t\t\t\t\t\t\t\t<div class=\"each-item elementor-repeater-item-82495a4\">\r\n\t\t\t\t<p><span style=\"font-weight: 400;\">+560 8891-6070<\/span><\/p><p><span style=\"font-weight: 400;\">+506 8867-8602<\/span><\/p>\t\t\t\t<\/div>\r\n\t\t\t\t\t\t<\/div>\r\n\t\t\t<\/div>\n\t\t\t\t<\/div>\n\t\t\t\t\t<\/div>\n\t\t<\/div>\n\t\t\t\t\t\t\t<\/div>\n\t\t<\/section>\n\t\t\t\t<section class=\"elementor-section elementor-inner-section elementor-element elementor-element-d32df4d elementor-section-boxed elementor-section-height-default elementor-section-height-default tm-col-stretched-none tm-bg-color-over-image\" data-id=\"d32df4d\" data-element_type=\"section\">\n\t\t\t\t\t\t<div class=\"elementor-container elementor-column-gap-no\">\n\t\t\t\t\t<div class=\"elementor-column elementor-col-100 elementor-inner-column elementor-element elementor-element-3c356c3 tm-bg-color-over-image\" data-id=\"3c356c3\" data-element_type=\"column\">\n\t\t\t<div class=\"elementor-widget-wrap elementor-element-populated\">\n\t\t\t\t\t\t\t\t<div class=\"elementor-element elementor-element-e710a01 elementor-widget elementor-widget-tm-ele-text-editor-advanced\" data-id=\"e710a01\" data-element_type=\"widget\" data-widget_type=\"tm-ele-text-editor-advanced.default\">\n\t\t\t\t<div class=\"elementor-widget-container\">\n\t\t\t\t\t<div class=\"tm-text-editor-advanced\">\r\n\t\t\t\t\t<div class=\"each-item elementor-repeater-item-01ec8bd\">\r\n\t\t\t\t<h5><span class=\"fas fa-caret-right text-theme-colored1 me-2\"><\/span><span>Puede agendar su cita con:<\/span><\/h5>\t\t\t\t<\/div>\r\n\t\t\t\t\t\t\t\t<div class=\"each-item elementor-repeater-item-723683f\">\r\n\t\t\t\t<h3><a href=\"https:\/\/calendly.com\/d\/4jg-7vj-ghd\/reunion-legal\"><span>Andr\u00e9s Sancho Simoneau<\/span><\/a><\/h3>\t\t\t\t<\/div>\r\n\t\t\t\t\t\t\t\t<div class=\"each-item elementor-repeater-item-07f382b\">\r\n\t\t\t\t<h3><a href=\"https:\/\/calendly.com\/bernal-rodriguez\/60min\"><span>Bernal Rodr\u00edguez Cruz<\/span><\/a><\/h3>\t\t\t\t<\/div>\r\n\t\t\t\t\t\t<\/div>\r\n\t\t\t<\/div>\n\t\t\t\t<\/div>\n\t\t\t\t\t<\/div>\n\t\t<\/div>\n\t\t\t\t\t\t\t<\/div>\n\t\t<\/section>\n\t\t\t\t<div class=\"elementor-element elementor-element-5bb9ef8 elementor-widget elementor-widget-tm-ele-floating-objects\" data-id=\"5bb9ef8\" data-element_type=\"widget\" data-widget_type=\"tm-ele-floating-objects.default\">\n\t\t\t\t<div class=\"elementor-widget-container\">\n\t\t\t\t\t<div class=\"tm-ele-floating-objects \">\r\n\t<span class=\"each-object elementor-repeater-item-ed32dfb tm-animation-floating \" style=\"background-image: url(https:\/\/i0.wp.com\/cpelegal.com\/wp-content\/uploads\/2021\/06\/ob2.png?fit=679%2C628&amp;ssl=1); z-index: -1;\"><\/span>\t\t<\/div>\r\n\t\t\t<\/div>\n\t\t\t\t<\/div>\n\t\t\t\t\t<\/div>\n\t\t<\/div>\n\t\t\t\t\t\t\t<\/div>\n\t\t<\/section>\n\t\t\t\t<section class=\"elementor-section elementor-top-section elementor-element elementor-element-1f0200e elementor-section-content-middle elementor-section-stretched elementor-section-boxed elementor-section-height-default elementor-section-height-default tm-col-stretched-none tm-bg-color-over-image\" data-id=\"1f0200e\" data-element_type=\"section\" data-settings=\"{&quot;stretch_section&quot;:&quot;section-stretched&quot;}\">\n\t\t\t\t\t\t<div class=\"elementor-container elementor-column-gap-extended\">\n\t\t\t\t\t<div class=\"elementor-column elementor-col-100 elementor-top-column elementor-element elementor-element-2d5c94b tm-bg-color-over-image\" data-id=\"2d5c94b\" data-element_type=\"column\" data-settings=\"{&quot;background_background&quot;:&quot;classic&quot;}\">\n\t\t\t<div class=\"elementor-widget-wrap elementor-element-populated\">\n\t\t\t\t\t\t\t\t<div class=\"elementor-element elementor-element-35c3de0 horizontal-line-align-left vertical-line-align-bottom elementor-widget elementor-widget-tm-ele-section-title\" data-id=\"35c3de0\" data-element_type=\"widget\" data-widget_type=\"tm-ele-section-title.default\">\n\t\t\t\t<div class=\"elementor-widget-container\">\n\t\t\t<div class=\"tm-sc-section-title section-title \">\r\n\t<div class=\"title-wrapper\">\r\n\t\t\t\t\t\t<p class=\"subtitle \">\r\n\r\n\t\t\r\n\t\tEstamos para servirle\t<\/p>\r\n\t\t\t\t<h2 class=\"title \">\r\n\r\n\t\t\r\n\t\t\t\t<span class=\"title-part1 \">Preguntas frecuentes<\/span>\r\n\t\t\t\t\r\n\t\t\r\n\t<\/h2>\r\n\t<div class=\"title-seperator-line\"><\/div>\t\t\t\t\t\t<\/div>\r\n<\/div>\t\t<\/div>\n\t\t\t\t<\/div>\n\t\t\t\t<div class=\"elementor-element elementor-element-af9edd6 elementor-widget elementor-widget-tm-ele-accordion\" data-id=\"af9edd6\" data-element_type=\"widget\" data-widget_type=\"tm-ele-accordion.default\">\n\t\t\t\t<div class=\"elementor-widget-container\">\n\t\t\t\t\t<div id=\"accordion-holder-877551\" class=\"tm-accordion accordion\">\r\n\t\r\n  <div class=\"card active\">\r\n    <div class=\"card-header p-0\" id=\"heading531\">\r\n      <h5 class=\"title \" data-bs-toggle=\"collapse\" data-bs-target=\"#collapse531\" aria-expanded=\"true\" aria-controls=\"collapse531\">\r\n        <span class=\"text\">\u00bfQu\u00e9 servicios ofrece CPE Legal?<\/span>\r\n        <span class=\"accordion-controls-icon\"><i class=\"fas fa-chevron-down\"><\/i><\/span>\r\n      <\/h5>\r\n    <\/div>\r\n    <div id=\"collapse531\" class=\"collapse show\" aria-labelledby=\"heading531\" data-bs-parent=\"#accordion-holder-877551\">\r\n      <div class=\"card-body\">\r\n        <p><span>Ofrecemos una amplia gama de servicios legales especializados en Derecho P\u00fablico, Derecho Constitucional, Contrataci\u00f3n Administrativa y gesti\u00f3n de empresas. Ya sea que necesite asesoramiento en compras p\u00fablicas, apelaciones, objeciones, licitaciones, o asesor\u00eda en derecho empresarial, estamos aqu\u00ed para ayudar.<\/span><\/p>      <\/div>\r\n    <\/div>\r\n  <\/div>\r\n\r\n  <div class=\"card \">\r\n    <div class=\"card-header p-0\" id=\"heading532\">\r\n      <h5 class=\"title collapsed\" data-bs-toggle=\"collapse\" data-bs-target=\"#collapse532\" aria-expanded=\"false\" aria-controls=\"collapse532\">\r\n        <span class=\"text\">\u00bfC\u00f3mo puedo ponerme en contacto con un especialista de CPE Legal?<\/span>\r\n        <span class=\"accordion-controls-icon\"><i class=\"fas fa-chevron-down\"><\/i><\/span>\r\n      <\/h5>\r\n    <\/div>\r\n    <div id=\"collapse532\" class=\"collapse \" aria-labelledby=\"heading532\" data-bs-parent=\"#accordion-holder-877551\">\r\n      <div class=\"card-body\">\r\n        <p><span>Para ponerse en contacto con un especialista de CPE Legal, simplemente env\u00ede un correo electr\u00f3nico a la direcci\u00f3n proporcionada en nuestra p\u00e1gina de contacto, o llame al n\u00famero de tel\u00e9fono tambi\u00e9n proporcionado. Un miembro de nuestro equipo estar\u00e1 encantado de atenderle.<\/span><\/p>      <\/div>\r\n    <\/div>\r\n  <\/div>\r\n\r\n  <div class=\"card \">\r\n    <div class=\"card-header p-0\" id=\"heading533\">\r\n      <h5 class=\"title collapsed\" data-bs-toggle=\"collapse\" data-bs-target=\"#collapse533\" aria-expanded=\"false\" aria-controls=\"collapse533\">\r\n        <span class=\"text\">\u00bfCPE Legal tiene experiencia en proyectos de infraestructura y obra p\u00fablica?<\/span>\r\n        <span class=\"accordion-controls-icon\"><i class=\"fas fa-chevron-down\"><\/i><\/span>\r\n      <\/h5>\r\n    <\/div>\r\n    <div id=\"collapse533\" class=\"collapse \" aria-labelledby=\"heading533\" data-bs-parent=\"#accordion-holder-877551\">\r\n      <div class=\"card-body\">\r\n        <p><span>S\u00ed, en CPE Legal contamos con especialistas que han trabajado en grandes proyectos de infraestructura y obra p\u00fablica, y est\u00e1n familiarizados con los marcos normativos y contratos necesarios para su exitosa ejecuci\u00f3n.<\/span><\/p>      <\/div>\r\n    <\/div>\r\n  <\/div>\r\n\r\n  <div class=\"card \">\r\n    <div class=\"card-header p-0\" id=\"heading534\">\r\n      <h5 class=\"title collapsed\" data-bs-toggle=\"collapse\" data-bs-target=\"#collapse534\" aria-expanded=\"false\" aria-controls=\"collapse534\">\r\n        <span class=\"text\">\u00bfPueden ayudarme con procesos de licitaci\u00f3n?<\/span>\r\n        <span class=\"accordion-controls-icon\"><i class=\"fas fa-chevron-down\"><\/i><\/span>\r\n      <\/h5>\r\n    <\/div>\r\n    <div id=\"collapse534\" class=\"collapse \" aria-labelledby=\"heading534\" data-bs-parent=\"#accordion-holder-877551\">\r\n      <div class=\"card-body\">\r\n        <p><span>Absolutamente. Nuestro equipo tiene una amplia experiencia en el manejo de procesos de licitaci\u00f3n, y puede proporcionar una asesor\u00eda completa, desde la preparaci\u00f3n de la oferta hasta la fase de ejecuci\u00f3n contractual.<\/span><\/p>      <\/div>\r\n    <\/div>\r\n  <\/div>\r\n\r\n  <div class=\"card \">\r\n    <div class=\"card-header p-0\" id=\"heading535\">\r\n      <h5 class=\"title collapsed\" data-bs-toggle=\"collapse\" data-bs-target=\"#collapse535\" aria-expanded=\"false\" aria-controls=\"collapse535\">\r\n        <span class=\"text\">\u00bfQu\u00e9 idiomas hablan en CPE Legal?<\/span>\r\n        <span class=\"accordion-controls-icon\"><i class=\"fas fa-chevron-down\"><\/i><\/span>\r\n      <\/h5>\r\n    <\/div>\r\n    <div id=\"collapse535\" class=\"collapse \" aria-labelledby=\"heading535\" data-bs-parent=\"#accordion-holder-877551\">\r\n      <div class=\"card-body\">\r\n        <p><span>En CPE Legal, ofrecemos servicios en espa\u00f1ol, ingl\u00e9s, franc\u00e9s e italiano. Entendemos la importancia de comunicarse en el idioma que prefiera y nos esforzamos por ofrecer un servicio que se adapte a sus necesidades.<\/span><\/p>      <\/div>\r\n    <\/div>\r\n  <\/div>\r\n\t\t<\/div>\r\n\t\t\t<\/div>\n\t\t\t\t<\/div>\n\t\t\t\t\t<\/div>\n\t\t<\/div>\n\t\t\t\t\t\t\t<\/div>\n\t\t<\/section>\n\t\t\t\t\t\t\t<\/div>\n\t\t","protected":false},"excerpt":{"rendered":"<p>Somos su aliado estrat\u00e9gico Estamos aqu\u00ed para escuchar. Estamos aqu\u00ed para ayudar En CPE Legal, valoramos las conversaciones y creemos&#8230;<\/p>\n","protected":false},"author":1,"featured_media":0,"parent":0,"menu_order":0,"comment_status":"closed","ping_status":"closed","template":"","meta":{"footnotes":""},"class_list":["post-51931","page","type-page","status-publish","hentry"],"yoast_head":"<!-- This site is optimized with the Yoast SEO plugin v21.6 - https:\/\/yoast.com\/wordpress\/plugins\/seo\/ -->\n<title>Contacto - CPE Legal<\/title>\n<meta name=\"description\" content=\"Contacte a CPE Legal para asesor\u00eda experta en Derecho P\u00fablico y Contrataci\u00f3n Administrativa. Encuentre aqu\u00ed nuestra direcci\u00f3n, tel\u00e9fono y formulario de contacto r\u00e1pido.\" \/>\n<meta name=\"robots\" content=\"index, follow, max-snippet:-1, max-image-preview:large, max-video-preview:-1\" \/>\n<link rel=\"canonical\" href=\"https:\/\/cpelegal.com\/index.php\/contacto\/\" \/>\n<meta property=\"og:locale\" content=\"es_ES\" \/>\n<meta property=\"og:type\" content=\"article\" \/>\n<meta property=\"og:title\" content=\"Contacto - CPE Legal\" \/>\n<meta property=\"og:description\" content=\"Contacte a CPE Legal para asesor\u00eda experta en Derecho P\u00fablico y Contrataci\u00f3n Administrativa. Encuentre aqu\u00ed nuestra direcci\u00f3n, tel\u00e9fono y formulario de contacto r\u00e1pido.\" \/>\n<meta property=\"og:url\" content=\"https:\/\/cpelegal.com\/index.php\/contacto\/\" \/>\n<meta property=\"og:site_name\" content=\"CPE Legal\" \/>\n<meta property=\"article:modified_time\" content=\"2024-02-16T17:22:57+00:00\" \/>\n<meta property=\"og:image\" content=\"https:\/\/i0.wp.com\/cpelegal.com\/wp-content\/uploads\/2023\/06\/Contratacion.png?fit=1500%2C1100&ssl=1\" \/>\n\t<meta property=\"og:image:width\" content=\"1500\" \/>\n\t<meta property=\"og:image:height\" content=\"1100\" \/>\n\t<meta property=\"og:image:type\" content=\"image\/png\" \/>\n<meta name=\"twitter:card\" content=\"summary_large_image\" \/>\n<meta name=\"twitter:label1\" content=\"Est. reading time\" \/>\n\t<meta name=\"twitter:data1\" content=\"2 minutos\" \/>\n<script type=\"application\/ld+json\" class=\"yoast-schema-graph\">{\"@context\":\"https:\/\/schema.org\",\"@graph\":[{\"@type\":\"WebPage\",\"@id\":\"https:\/\/cpelegal.com\/index.php\/contacto\/\",\"url\":\"https:\/\/cpelegal.com\/index.php\/contacto\/\",\"name\":\"Contacto - CPE Legal\",\"isPartOf\":{\"@id\":\"https:\/\/cpelegal.com\/#website\"},\"datePublished\":\"2023-06-22T23:33:04+00:00\",\"dateModified\":\"2024-02-16T17:22:57+00:00\",\"description\":\"Contacte a CPE Legal para asesor\u00eda experta en Derecho P\u00fablico y Contrataci\u00f3n Administrativa. Encuentre aqu\u00ed nuestra direcci\u00f3n, tel\u00e9fono y formulario de contacto r\u00e1pido.\",\"breadcrumb\":{\"@id\":\"https:\/\/cpelegal.com\/index.php\/contacto\/#breadcrumb\"},\"inLanguage\":\"es-CR\",\"potentialAction\":[{\"@type\":\"ReadAction\",\"target\":[\"https:\/\/cpelegal.com\/index.php\/contacto\/\"]}]},{\"@type\":\"BreadcrumbList\",\"@id\":\"https:\/\/cpelegal.com\/index.php\/contacto\/#breadcrumb\",\"itemListElement\":[{\"@type\":\"ListItem\",\"position\":1,\"name\":\"Portada\",\"item\":\"https:\/\/cpelegal.com\/\"},{\"@type\":\"ListItem\",\"position\":2,\"name\":\"Contacto\"}]},{\"@type\":\"WebSite\",\"@id\":\"https:\/\/cpelegal.com\/#website\",\"url\":\"https:\/\/cpelegal.com\/\",\"name\":\"CPE Legal - Expertos en Derecho P\u00fablico y Contrataci\u00f3n Administrativa en Costa Rica\",\"description\":\"CPE Legal, l\u00edderes en Derecho Constitucional y Contrataci\u00f3n Administrativa en Costa Rica. Ofrecemos asesor\u00eda legal integral y estrat\u00e9gica para optimizar operaciones y mitigar riesgos. Expertos en gesti\u00f3n empresarial y defensa legal en procesos p\u00fablicos y constitucionales\",\"publisher\":{\"@id\":\"https:\/\/cpelegal.com\/#organization\"},\"alternateName\":\"CPE Consultores Legales\",\"potentialAction\":[{\"@type\":\"SearchAction\",\"target\":{\"@type\":\"EntryPoint\",\"urlTemplate\":\"https:\/\/cpelegal.com\/?s={search_term_string}\"},\"query-input\":\"required name=search_term_string\"}],\"inLanguage\":\"es-CR\"},{\"@type\":\"Organization\",\"@id\":\"https:\/\/cpelegal.com\/#organization\",\"name\":\"CPE Legal - Expertos en Derecho P\u00fablico y Contrataci\u00f3n Administrativa en Costa Rica\",\"alternateName\":\"CPE Consultor\u00eda Jur\u00eddica\",\"url\":\"https:\/\/cpelegal.com\/\",\"logo\":{\"@type\":\"ImageObject\",\"inLanguage\":\"es-CR\",\"@id\":\"https:\/\/cpelegal.com\/#\/schema\/logo\/image\/\",\"url\":\"https:\/\/cpelegal.com\/wp-content\/uploads\/2023\/06\/300-px.png\",\"contentUrl\":\"https:\/\/cpelegal.com\/wp-content\/uploads\/2023\/06\/300-px.png\",\"width\":300,\"height\":132,\"caption\":\"CPE Legal - Expertos en Derecho P\u00fablico y Contrataci\u00f3n Administrativa en Costa Rica\"},\"image\":{\"@id\":\"https:\/\/cpelegal.com\/#\/schema\/logo\/image\/\"},\"sameAs\":[\"https:\/\/www.linkedin.com\/company\/cpe-consultores\/\"]}]}<\/script>\n<!-- \/ Yoast SEO plugin. -->","yoast_head_json":{"title":"Contacto - CPE Legal","description":"Contacte a CPE Legal para asesor\u00eda experta en Derecho P\u00fablico y Contrataci\u00f3n Administrativa. Encuentre aqu\u00ed nuestra direcci\u00f3n, tel\u00e9fono y formulario de contacto r\u00e1pido.","robots":{"index":"index","follow":"follow","max-snippet":"max-snippet:-1","max-image-preview":"max-image-preview:large","max-video-preview":"max-video-preview:-1"},"canonical":"https:\/\/cpelegal.com\/index.php\/contacto\/","og_locale":"es_ES","og_type":"article","og_title":"Contacto - CPE Legal","og_description":"Contacte a CPE Legal para asesor\u00eda experta en Derecho P\u00fablico y Contrataci\u00f3n Administrativa. Encuentre aqu\u00ed nuestra direcci\u00f3n, tel\u00e9fono y formulario de contacto r\u00e1pido.","og_url":"https:\/\/cpelegal.com\/index.php\/contacto\/","og_site_name":"CPE Legal","article_modified_time":"2024-02-16T17:22:57+00:00","og_image":[{"width":1500,"height":1100,"url":"https:\/\/i0.wp.com\/cpelegal.com\/wp-content\/uploads\/2023\/06\/Contratacion.png?fit=1500%2C1100&ssl=1","type":"image\/png"}],"twitter_card":"summary_large_image","twitter_misc":{"Est. reading time":"2 minutos"},"schema":{"@context":"https:\/\/schema.org","@graph":[{"@type":"WebPage","@id":"https:\/\/cpelegal.com\/index.php\/contacto\/","url":"https:\/\/cpelegal.com\/index.php\/contacto\/","name":"Contacto - CPE Legal","isPartOf":{"@id":"https:\/\/cpelegal.com\/#website"},"datePublished":"2023-06-22T23:33:04+00:00","dateModified":"2024-02-16T17:22:57+00:00","description":"Contacte a CPE Legal para asesor\u00eda experta en Derecho P\u00fablico y Contrataci\u00f3n Administrativa. Encuentre aqu\u00ed nuestra direcci\u00f3n, tel\u00e9fono y formulario de contacto r\u00e1pido.","breadcrumb":{"@id":"https:\/\/cpelegal.com\/index.php\/contacto\/#breadcrumb"},"inLanguage":"es-CR","potentialAction":[{"@type":"ReadAction","target":["https:\/\/cpelegal.com\/index.php\/contacto\/"]}]},{"@type":"BreadcrumbList","@id":"https:\/\/cpelegal.com\/index.php\/contacto\/#breadcrumb","itemListElement":[{"@type":"ListItem","position":1,"name":"Portada","item":"https:\/\/cpelegal.com\/"},{"@type":"ListItem","position":2,"name":"Contacto"}]},{"@type":"WebSite","@id":"https:\/\/cpelegal.com\/#website","url":"https:\/\/cpelegal.com\/","name":"CPE Legal - Expertos en Derecho P\u00fablico y Contrataci\u00f3n Administrativa en Costa Rica","description":"CPE Legal, l\u00edderes en Derecho Constitucional y Contrataci\u00f3n Administrativa en Costa Rica. Ofrecemos asesor\u00eda legal integral y estrat\u00e9gica para optimizar operaciones y mitigar riesgos. Expertos en gesti\u00f3n empresarial y defensa legal en procesos p\u00fablicos y constitucionales","publisher":{"@id":"https:\/\/cpelegal.com\/#organization"},"alternateName":"CPE Consultores Legales","potentialAction":[{"@type":"SearchAction","target":{"@type":"EntryPoint","urlTemplate":"https:\/\/cpelegal.com\/?s={search_term_string}"},"query-input":"required name=search_term_string"}],"inLanguage":"es-CR"},{"@type":"Organization","@id":"https:\/\/cpelegal.com\/#organization","name":"CPE Legal - Expertos en Derecho P\u00fablico y Contrataci\u00f3n Administrativa en Costa Rica","alternateName":"CPE Consultor\u00eda Jur\u00eddica","url":"https:\/\/cpelegal.com\/","logo":{"@type":"ImageObject","inLanguage":"es-CR","@id":"https:\/\/cpelegal.com\/#\/schema\/logo\/image\/","url":"https:\/\/cpelegal.com\/wp-content\/uploads\/2023\/06\/300-px.png","contentUrl":"https:\/\/cpelegal.com\/wp-content\/uploads\/2023\/06\/300-px.png","width":300,"height":132,"caption":"CPE Legal - Expertos en Derecho P\u00fablico y Contrataci\u00f3n Administrativa en Costa Rica"},"image":{"@id":"https:\/\/cpelegal.com\/#\/schema\/logo\/image\/"},"sameAs":["https:\/\/www.linkedin.com\/company\/cpe-consultores\/"]}]}},"jetpack_sharing_enabled":true,"_links":{"self":[{"href":"https:\/\/cpelegal.com\/index.php\/wp-json\/wp\/v2\/pages\/51931","targetHints":{"allow":["GET"]}}],"collection":[{"href":"https:\/\/cpelegal.com\/index.php\/wp-json\/wp\/v2\/pages"}],"about":[{"href":"https:\/\/cpelegal.com\/index.php\/wp-json\/wp\/v2\/types\/page"}],"author":[{"embeddable":true,"href":"https:\/\/cpelegal.com\/index.php\/wp-json\/wp\/v2\/users\/1"}],"replies":[{"embeddable":true,"href":"https:\/\/cpelegal.com\/index.php\/wp-json\/wp\/v2\/comments?post=51931"}],"version-history":[{"count":44,"href":"https:\/\/cpelegal.com\/index.php\/wp-json\/wp\/v2\/pages\/51931\/revisions"}],"predecessor-version":[{"id":52441,"href":"https:\/\/cpelegal.com\/index.php\/wp-json\/wp\/v2\/pages\/51931\/revisions\/52441"}],"wp:attachment":[{"href":"https:\/\/cpelegal.com\/index.php\/wp-json\/wp\/v2\/media?parent=51931"}],"curies":[{"name":"wp","href":"https:\/\/api.w.org\/{rel}","templated":true}]}}